
True
Let z be 1 + (-14)/42*(2 + 1). Suppose 4*b + 4*h - 59796 = z, 4121 - 78880 = -5*b + 2*h. Is b prime?
True
Suppose -64*p + 53*p + 55 = 0. Suppose 2*l + 2*y = 942, -p*y + 1448 - 500 = 2*l. Is l prime?
False
Suppose 2*o - 5*x - 273592 = -8*x, -3*o + 410388 = 5*x. Suppose -15*r = 7*r - o. Is r a composite number?
True
Let j(n) = -91*n**3 + 11*n**2 + 7*n - 9. Let o be j(5). Let v = o + 28451. Is v a prime number?
True
Let c be 2 - -3*(-2)/(-6)*4. Let n be 22/(-33) - 140/c. Is (6/n)/(4/(-8656)) a composite number?
False
Let p be (-8)/(-24)*-12 + -5295 + -1. Let q = 7503 + p. Is q a composite number?
False
Let n = 439552 + -177705. Is n a prime number?
True
Suppose 4*t + 2*a + 7726 = 0, 3*a = 4*t + a + 7722. Suppose -4*z = 5*n - 14236, -5*z - 5701 = -n - n. Let f = n + t. Is f composite?
True
Let m = -425521 - -987618. Is m prime?
False
Let y(h) = -66*h**3 - 11*h**2 - 76*h - 35. Is y(-6) prime?
True
Let v(w) = -3*w**3 + 12*w**2 + 37*w + 9. Let i(c) = -c**3 + 3*c**2 + 9*c + 2. Let l(n) = 9*i(n) - 2*v(n). Let b be l(-4). Let m = b + -46. Is m composite?
True
Suppose q = -3*x + 327016, 2*q + x = 310235 + 343772. Is q prime?
True
Let m = -819 - -823. Let q(j) = 11 + j**3 + 15*j**3 + 0*j**3 + j**2 + j**2. Is q(m) a prime number?
False
Let f be 14961/(-4)*76/(-57). Is f*(8/2)/4 prime?
True
Let x = 373 - 54. Suppose 60*a - 28*a = 29*a. Suppose 118*p - 119*p + x = a. Is p a prime number?
False
Let h be 4*-14*6/(-16). Let u(j) = -2*j**2 + h*j**2 + 6 + 29*j - 26*j. Is u(-4) a prime number?
False
Suppose -3*h - 12504 = -9*h. Suppose -6*r + 8774 - h = 0. Is r prime?
False
Let u(r) = 30*r**2 + 8*r + 7. Let v(w) = -w**2 - w. Let b(h) = u(h) + 2*v(h). Is b(12) composite?
False
Let f(y) = 35*y**2 - 28*y - 132. Let j be f(33). Let i = j - 1028. Is i a composite number?
True
Let j be (-9369)/(-21) - 2/14. Let u = 624 - j. Is u prime?
False
Let v = -3 + -4. Let g be (-3113)/v + (-22)/(-77). Suppose 3*l + 2*l = g. Is l composite?
False
Suppose -5*x = 15, -3*x - x = 2*a + 12. Suppose 2*h - 5*z + 19 = 0, a = -5*h + 4*z - 1 - 4. Suppose -28 = -h*o + 65. Is o a prime number?
True
Suppose 3*u + 64632 = 3*s, -s + 119*u - 117*u + 21546 = 0. Is s prime?
False
Let a = 336377 - 170140. Is a a prime number?
True
Let n(u) = 2*u**3 - 31*u**2 + 16*u - 10. Let a be n(15). Suppose -z = -4, 2*z - 30848 = -a*v + 10085. Is v a prime number?
False
Let l(j) be the second derivative of 13*j**3/2 - 62*j**2 + 6*j. Is l(7) a prime number?
True
Suppose 7881428 = -114*h + 152*h. Is h a composite number?
True
Let q be (99/(-5))/((-6)/150). Suppose 2*d + l + 442 = 5942, -3*d = -l - 8250. Suppose -11*h = q - d. Is h composite?
True
Let m(z) = 171*z - 49. Let c be m(-9). Let l = 825 + c. Let b = -422 - l. Is b a composite number?
True
Let j(w) = -345*w**3 - 2*w**2 + 4*w - 3. Let l = 43 + -41. Let g be j(l). Let q = g + 4326. Is q prime?
False
Suppose 23 - 7 = 4*g. Let s = 8 + -6. Suppose g*p - s*n = 504, -3*n + 514 = 2*p + 2*p. Is p a prime number?
True
Suppose -5*m - 371 = -3*u, 0 = -2*u - 3*u - 2*m + 670. Suppose 130*o + 7694 = u*o. Is o composite?
False
Let s(z) be the second derivative of 770*z**3/3 + 53*z**2/2 + 95*z + 2. Is s(5) a prime number?
True
Let v be 2 - (-13)/((-52)/152). Is (15639/(-6))/(18/v) a composite number?
True
Let x(u) = -8*u**3 + 7*u**2 + 16*u + 3. Suppose -3*d = -2*d + h + 8, 0 = h + 4. Let y be x(d). Suppose -2993 = -4*v + y. Is v a composite number?
True
Suppose 22 = w + 2*a, w = -3*w - 2*a + 76. Suppose -14*l - 7388 = -w*l. Is l composite?
False
Let d = -48 + 54. Let a be (-10)/(-3) - d/18. Suppose -2*r + 2942 = -a*b, 8 = 2*b - 0. Is r a composite number?
True
Suppose 29*z + 34 = -3*f + 25*z, 13 = -f - 3*z. Let d(q) = 0*q**3 - 11*q + 9*q**2 - 3*q**3 + 17 - 23*q**2. Is d(f) a composite number?
True
Suppose -412535 = 24*k - 1117913 - 713430. Is k composite?
True
Let w be (-1627128)/(-44) + -2 - 28/154. Suppose -5*n = -2*l + w, 6*l - 3*l - 55509 = -3*n. Is l a composite number?
True
Let w = 14970 - 7529. Suppose 13*v = 76172 - w. Is v prime?
False
Let y(w) = 268*w + 186. Let i be y(3). Suppose -985*z - 1630 = -i*z. Is z prime?
False
Let u(s) = -8*s**2 - 3*s + 10. Let r be u(5). Suppose -5*c + 20 = 0, 3*k = -k - 3*c - 2420. Let p = r - k. Is p prime?
False
Let y(s) = 28*s**3 - s**2 + 37*s - 119. Is y(5) prime?
True
Suppose 36 = -3*j + 7*j. Suppose 0 = j*r - 155 - 97. Suppose -r*a + 26*a = -266. Is a prime?
False
Let x = 49 + -46. Suppose 6*f = -x + 27. Suppose -4*i + 209 = f*v - 63, 2*v + 77 = i. Is i prime?
True
Suppose 0 = 3*m - 2*p - 11, -3*m = 3*p + 13 - 4. Is -5 - (-11115 + 4) - m a composite number?
True
Let v = 23 - 21. Let w be (-725 - v)*(-5 + 2). Let s = w - 524. Is s a prime number?
True
Suppose 2694 = s - 5*y, -2*y - 3502 + 799 = -s. Let o = s + -1846. Is o a composite number?
False
Suppose 3 = -3*t + 27. Suppose 0 = -4*b - t*b + 36. Suppose 2*c = 4*u + 702, -u - 1743 = -5*c + b*u. Is c a prime number?
True
Let f be (3 - 8)*(-35)/25. Suppose -2*z - f*z + 22167 = 0. Is z a prime number?
False
Suppose u + 7 = 0, -6*i = u - 20999 - 18582. Is i a composite number?
True
Let w(z) = 12*z + 23 + 5 + 11*z. Let l be w(7). Is 83748/l + (-2)/18 composite?
False
Suppose -5*s = 3*w - 162, -2*w + s + 108 = -3*s. Let p = 38 - w. Is 683 + 0 + p/4 a prime number?
False
Suppose -86 = -4*c - 106. Is (-7134)/(-10) + 10/125*c a composite number?
True
Suppose 16*a - 32758185 = -79*a. Is a prime?
False
Let y = 184855 - -26832. Is y a composite number?
True
Suppose 16*p - 6251 - 32037 = 0. Let j = 5530 - p. Is j a composite number?
False
Suppose 33*i + 338295 - 2701260 = 0. Is i composite?
True
Let u(i) = 248*i + 17. Let c be u(6). Suppose -33*j = -28*j - c. Is j prime?
False
Let b = -18541 + 46332. Is b a prime number?
True
Suppose 22*l - 5240 = 2*l. Let r = 936 - l. Is r a composite number?
True
Suppose 1730 = -17*p + 19*p. Let m = 59 + -54. Suppose -m*s = 50 - p. Is s composite?
False
Let x(p) = -p**2 + 59*p - 265. Let j be x(54). Suppose 16524 = j*c - 3*y - 3530, c + 5*y - 3994 = 0. Is c prime?
False
Is (116/12 - 9) + (-40)/6 + 46112 a prime number?
False
Is 3/((-18)/114) - -375936 composite?
True
Let f be (-28)/(-2)*19/(-2). Let t = f - -58. Let p = t + 134. Is p prime?
True
Let h = 211756 + 526377. Is h a prime number?
False
Let c be (43532/(-5))/(-6 - 264/(-45)). Let k = 93631 - c. Is k a prime number?
False
Suppose 44 = 2*u - 3*z, -z = -3*u + 52 + 21. Suppose u*n + 7293 = 92468. Is n a composite number?
False
Suppose 7*t = 3*t - 616. Let v = t + -498. Let h = v + 1031. Is h a composite number?
False
Let u be ((-862)/(-8))/(1*5/(-20)). Let h = u - -834. Let y = h - 192. Is y a composite number?
False
Let k = -117 - -119. Suppose -k*p - 3*q = -6805, 6247 = 3*p - 2*q - 3980. Is p a composite number?
False
Let p(z) = -z**3 + 5. Let j be p(0). Suppose 2*o - 4858 = 2*m, -j*o - 2*m + 5*m + 12151 = 0. Suppose -4*u + 10684 - o = 0. Is u a prime number?
True
Let f(i) = 70*i**2 + 4*i + 40. Let n(u) = -245*u**2 - 14*u - 139. Let a(d) = -17*f(d) - 5*n(d). Let k be (-1)/((-5)/4)*5. Is a(k) a composite number?
True
Let j(b) = 156*b**2 + 43*b - 9. Let x be j(8). Let u = x - 3420. Is u composite?
False
Suppose -4*i = -5*h - 1423 - 5177, 0 = -4*i - 2*h + 6572. Suppose 80*f - i = 73*f. Is f prime?
False
Suppose 4*n - 999985 = -3*v + 207604, 0 = -5*v + n + 2012633. Is v prime?
True
Let n = -27 + 615. Suppose m - 291 = n. Is m a composite number?
True
Let s(j) = 255*j + 101. Let b = -557 - -577. Is s(b) prime?
False
Let w = -74 - -72. Let r be 4/(w/1) + (1 - -60). Is (r + 0)*(6 - 3) a composite number?
True
Suppose -5*p + 0*q = 4*q - 84, 3*q - 19 = -p. Suppose 20*i - 8 = p*i. Suppose -1784 = -i*x - 26. Is x a prime number?
False
Suppose 3*h - 4430844 = -3*w - 928695, 0 = -h - 2. Is w a prime number?
False
Let j be (-2)/(-2 - 2)*12. Suppose -3*z = -2*s - 4, 0 = -2*z + 5*s + j + 4. Suppose p + 5*o = 362, z = 5*p - 5*o + o - 1723. Is p a composite number?
False
Let o = -183 - -183. Suppose 24363 = -2*m - 3*f + 94513, 5*m - 2*f - 175337 = o. Is m prime?
True
Let b(g) = 315*g - 232. Let n be b(2). Let l(r) = -3*r**2 - 4*r - 4. Let m be l(-4). Let a = n + m. Is a prime?
False
Suppose -8*j = -32342 + 10230. Suppose 226*u = 228*u - j. Is u a composite number?
True
Let b(x) = -x**3 - 8*x**2 + 7*x + 